03*p**2 + 3028*p - 2. What is t(-10)?
18
Let s(y) = 2*y**3 + 51*y**2 - 480*y - 11929. Calculate s(-26).
-125
Let j(r) = -r**3 + 517*r**2 + 4069*r - 1036. What is j(-8)?
12
Let r(g) = 16201*g - 243057. What is r(15)?
-42
Let f(i) = 8266*i - 776996. Calculate f(94).
8
Let y(f) = 7*f**2 - 166*f + 574. Determine y(19).
-53
Let z(n) = -n**3 + 23*n**2 + 1252*n - 1012. Determine z(-26).
-440
Let i(u) = 133582*u - 801492. Give i(6).
0
Let v(q) = -19574*q + 117394. Calculate v(6).
-50
Let x(u) = 21455*u - 214547. What is x(10)?
3
Let h(c) = -c**2 + 2232*c + 33796. Determine h(-15).
91
Let m(y) = y**3 + 132*y**2 + 411*y - 28289. Calculate m(-127).
159
Let c(k) = -3*k**2 + 15460*k + 10489571. What is c(-607)?
4
Let k(g) = 5*g**3 - 2731*g**2 + 543*g + 2476. Calculate k(546).
838
Let y(s) = -s**3 + 40*s**2 - 111*s + 887. Determine y(38).
-443
Let o(l) = 56*l**2 - 1433*l - 5727. Give o(-4).
901
Let s(h) = 4*h**2 - 120*h - 3018. Give s(-15).
-318
Let u(q) = -112*q**3 + 2*q**2 - 1369*q - 2744. What is u(-2)?
898
Let x(n) = -8*n**3 - 40*n**2 - 213*n - 1064. What is x(-5)?
1
Let q(y) = -y**3 - 12*y**2 - 735*y - 6413. What is q(-9)?
-41
Let l(v) = 11*v**2 + 169*v - 2053. Calculate l(8).
3
Let i(z) = z**2 + 132*z - 44. Calculate i(-134).
224
Let u(f) = -64470*f + 1547296. What is u(24)?
16
Let t(d) = 6*d**3 + 1313*d**2 - 162*d + 12476. Give t(-219).
-7
Let y(z) = -2*z**3 - z**2 + 102*z + 812. Determine y(-8).
956
Let k(v) = -360960*v - 1443833. Calculate k(-4).
7
Let b(z) = 57*z - 868. What is b(-4)?
-1096
Let c(u) = 32*u + 11426. Calculate c(-358).
-30
Let q(c) = 4*c**2 + 310*c + 2381. What is q(-69)?
35
Let o(i) = -611*i - 164699. What is o(-271)?
882
Let d(i) = 369*i - 354. What is d(-2)?
-1092
Let y(z) = 3613*z - 354106. What is y(98)?
-32
Let m(y) = 2*y**3 + 7*y**2 - 365*y - 2060. Give m(-6).
-50
Let j(h) = 103*h + 64660. Determine j(-628).
-24
Let d(f) = 769*f - 6917. Determine d(9).
4
Let j(d) = d**2 - 9403*d - 615418. Give j(-65).
2
Let k(r) = r**3 + 63*r**2 - 213*r - 923. Determine k(-66).
67
Let b(p) = -6*p**2 + 10946*p + 165538. Calculate b(-15).
-2
Let q(j) = 2*j**3 + 351*j**2 - 185*j - 1545. What is q(-176)?
39
Let f(z) = -z**3 - 46*z**2 + 249*z + 37. What is f(5)?
7
Let r(n) = -63*n**2 - 2650*n + 56. What is r(-42)?
224
Let h(a) = 225106*a - 2025973. What is h(9)?
-19
Let l(h) = -h**2 + 519*h - 66987. What is l(277)?
47
Let i(c) = 12402*c + 3658579. Calculate i(-295).
-11
Let l(f) = 6*f**3 + 140*f**2 - 249*f + 37. Determine l(-25).
12
Let k(p) = -22*p**3 + 3*p**2 + 15*p - 5. Determine k(-2).
153
Let j(u) = -737*u + 453976. What is j(616)?
-16
Let h(d) = -3159*d - 25301. Calculate h(-8).
-29
Let p(q) = -q**3 - 205*q**2 + 4259*q - 56. Give p(19).
1
Let f(s) = s**3 - 3*s**2 - 201*s - 894. Calculate f(-6).
-12
Let b(q) = q**3 + 105*q**2 + 672*q - 2021. Give b(-98).
-649
Let r(c) = -4606*c - 1667367. What is r(-362)?
5
Let b(p) = 87*p**2 + 1168*p + 6966. Determine b(-6).
3090
Let r(z) = -z**3 + 26*z**2 - 62*z + 35. Give r(24).
-301
Let h(b) = -28*b - 412. What is h(7)?
-608
Let a(p) = -21782*p + 21323. Determine a(1).
-459
Let w(z) = -355*z + 924. Determine w(6).
-1206
Let a(f) = -93*f**2 + 1337*f + 176. What is a(14)?
666
Let m(j) = -18889*j + 48. Give m(0).
48
Let u(j) = -3348*j - 143844. Give u(-43).
120
Let r(i) = -6*i**3 - 69*i**2 - 190*i - 1722. What is r(-11)?
5
Let k(h) = 570*h - 279875. What is k(491)?
-5
Let n(a) = 56*a**3 - 7*a**2 - 6*a + 10. Give n(1).
53
Let i(t) = 234*t**2 - 2182*t + 3818. What is i(7)?
10
Let q(o) = -6*o**2 - 66*o - 64. What is q(-10)?
-4
Let k(o) = -o**3 + 1193*o**2 + 3*o + 2518. What is k(0)?
2518
Let l(k) = -12660*k - 113980. Determine l(-9).
-40
Let i(d) = 3*d**3 - 41*d**2 - 33*d + 271. Determine i(14).
5
Let m(f) = 12760*f - 203778. Calculate m(16).
382
Let y(m) = -1204*m + 4482. Give y(4).
-334
Let m(k) = k**3 + 47*k**2 + 261*k + 296. Calculate m(-41).
-319
Let x(k) = 22422*k - 90310. What is x(4)?
-622
Let i(q) = 2*q**2 - 2*q + 233. What is i(-30)?
2093
Let n(j) = -189*j - 31887. What is n(-171)?
432
Let v(b) = -b**2 + 424*b - 44626. Determine v(230).
-6
Let c(u) = 8427*u - 1002810. Give c(119).
3
Let i(j) = 14*j**3 + 72*j**2 + 7*j - 32. Determine i(-5).
-17
Let p(a) = 1670*a + 38432. Calculate p(-23).
22
Let i(a) = -20943*a + 62621. Determine i(3).
-208
Let p(y) = 168*y**2 + 36610*y - 3029. Calculate p(-218).
23
Let f(g) = -86*g**2 - 252*g + 1535. Give f(3).
5
Let x(d) = d**2 + 53049*d - 1433067. Give x(27).
-15
Let w(z) = -z**3 + 36*z**2 + 91*z - 169. Calculate w(38).
401
Let q(t) = t**2 - 1061*t + 76884. Calculate q(78).
210
Let w(s) = s**2 - 611*s + 57780. Determine w(117).
-18
Let k(c) = c**3 + 29*c**2 + 26*c - 73. Give k(-28).
-17
Let j(g) = 32*g**3 - 315*g**2 - 51*g - 117. Calculate j(10).
-127
Let i(r) = 2*r**3 - 3*r**2 + 233*r + 796. What is i(-3)?
16
Let u(o) = -2637496*o - 10549984. What is u(-4)?
0
Let z(s) = 67*s**2 - 293*s + 16. What is z(4)?
-84
Let r(v) = 35*v**3 - 676*v**2 - 3934*v - 50. Calculate r(24).
-2
Let q(k) = -202428*k + 404839. Determine q(2).
-17
Let g(h) = h**3 - 85*h**2 - 41*h + 12473. What is g(84)?
1973
Let u(f) = -11*f**3 + 94*f**2 + 45*f + 47. Determine u(11).
-2725
Let n(r) = -r**2 - 118*r - 358. Determine n(4).
-846
Let q(j) = -316*j + 21419. What is q(68)?
-69
Let c(v) = 73*v**2 - 2446*v + 460. What is c(33)?
-761
Let w(z) = 2*z**2 - z - 294. Give w(-14).
112
Let g(p) = -3114*p - 5854. Determine g(-2).
374
Let j(s) = s**2 + 156*s + 5857. Determine j(-64).
-31
Let n(z) = 25*z**2 - 201*z - 92. Give n(2).
-394
Let i(z) = 11*z**2 + 3667*z + 1082. What is i(-333)?
-250
Let b(n) = 56*n**2 - 261*n + 1257. What is b(5)?
1352
Let h(v) = -5*v**2 + 81*v + 1302. Determine h(-13).
-596
Let o(s) = 71*s**3 + 562*s**2 + 44*s + 684. What is o(-8)?
-52
Let p(j) = 20*j**3 + 208*j**2 + 88*j + 109. What is p(-10)?
29
Let f(n) = n**3 + 25*n**2 - 770*n - 16009. What is f(-18)?
119
Let v(y) = -311*y + 5782. What is v(20)?
-438
Let r(b) = -b**3 - 35*b**2 - 320*b - 2270. Give r(-26).
-34
Let b(h) = -168*h**3 - 17*h**2 + 114*h + 130. What is b(-1)?
167
Let z(s) = s**2 + 489*s + 8939. What is z(-20)?
-441
Let x(c) = -29*c**2 - 197*c - 1186. Determine x(-6).
-1048
Let m(d) = 19192*d + 633327. Determine m(-33).
-9
Let x(p) = p**3 - 73*p**2 - 156*p + 1098. Give x(75).
648
Let l(g) = -615*g**2 + 14*g + 58. Calculate l(-2).
-2430
Let y(d) = 4841*d + 1166703. Determine y(-241).
22
Let k(s) = 196*s + 47184. Calculate k(-241).
-52
Let c(d) = d**2 + 53*d - 8061. Calculate c(-120).
-21
Let d(x) = -92962*x + 930013. Determine d(10).
393
Let k(t) = -7*t**2 + 323*t - 2615. Calculate k(36).
-59
Let z(b) = 242*b - 19015. Calculate z(78).
-139
Let k(n) = -2*n**3 + 255*n**2 - 1309*n - 3212. Calculate k(122).
814
Let q(z) = 12184*z + 402068. Calculate q(-33).
-4
Let t(c) = 58163*c + 3082615. Give t(-53).
-24
Let c(z) = z**3 - 181*z**2 + 39*z - 7134. Give c(181).
-75
Let u(b) = b**3 + 36*b**2 - 108*b + 435. Calculate u(-39).
84
Let w(b) = -b**3 + 71*b**2 + 71*b - 9923. Calculate w(70).
-53
Let m(d) = 2*d**3 + 4*d**2 - 133*d + 23. Give m(7).
-26
Let q(w) = -1160*w - 3854. Give q(-3).
-374
Let x(o) = -54115*o + 3409133. Calculate x(63).
-112
Let f(a) = 4*a**3 - 116*a**2 + 129*a + 244. Give f(-1).
-5
Let z(p) = -3*p**3 - 64*p**2 + 258*p - 429. Give z(-25).
-4
Let t(o) = 23667*o - 284021. Calculate t(12).
-17
Let o(p) = -3241*p + 9714. Determine o(3).
-9
Let l(u) = -u**2 + 178868*u + 1788784. Give l(-10).
4
Let u(c) = 97*c**2 - 1189*c - 9629. Give u(-8).
6091
Let b(t) = 6*t**3 + 39*t**2 - 114*t - 700. Determine b(-6).
92
Let w(d) = -2*d**3 - 34*d**2 - 11*d + 91. Give w(-16).
-245
Let y(c) = -2*c**3 - 89*c**2 + 333*c - 43. Determine y(-48).
101
Let k(a) = -a**3 + 153*a**2 - 123*a - 27017. What is k(151)?
12
Let j(r) = r**3 - 589*r**2 + 24980*r - 1075. Determine j(543).
11
Let w(o) = -4*o**2 + 28*o + 26. Give w(13).
-286
Let t(u) = 17*u**2 + 2814*u + 2801. Give t(-1).
4
Let z(p) = 7*p**3 + 543*p**2 + 9938*p + 91. Give z(-48).
-5
Let m(l) = 68894*l - 2066825. Give m(30).
-5
Let l(t) = t**2 + 96*t - 3486. Determine l(39).
1779
Let k(i) = 351*i**2 - 22114*i - 39. Determine k(63).
-102
Let f(g) = 1704*g + 52854. Calculate f(-31).
30
Let i(r) = -25*r**2 - 5189*r - 8085. Determine i(-206).
-51
Let p(b) = 1011*b**2 + 90997*b + 657. D